re the prime factors of r?
2, 41, 71
Let k(j) = 47*j**2 + 30*j - 682. List the prime factors of k(16).
2, 5, 7, 13
Let t(j) = -8*j - 246. Let x be t(-31). Suppose -x*q - 38*v + 2868 = -42*v, 0 = 4*q - v - 5701. List the prime factors of q.
2, 89
List the prime factors of (1940/(-7))/(12/(-126)).
2, 3, 5, 97
Suppose -1166 = 53*q - 55*q. Suppose 0 = n - 48 - q. List the prime factors of n.
631
Let s(d) = -194*d**3 - 19*d**2 - 24*d + 377*d**3 - 41 - 184*d**3. List the prime factors of s(-18).
67
Suppose 0 = -75*v - 7*v + 726438. List the prime factors of v.
3, 2953
Suppose 24*q = 562874 - 72770. List the prime factors of q.
3, 2269
Suppose 56 + 0 = -14*t. Let g(b) = -b**3 - 2*b**2 + 10*b + 14. What are the prime factors of g(t)?
2, 3
Let i be (1*-3)/(13348/1668 - 8). What are the prime factors of 20*(i/(-42) - 8/28)?
2, 5, 59
Suppose 417573 = 80*o - 407707. What are the prime factors of o?
2, 2579
Suppose 2*u - 48 = -6*g + 4*g, 2*g - 3*u = 63. What are the prime factors of 4/18*g/(-36)*-1338?
223
Let p(t) be the third derivative of 173*t**6/120 - t**4/12 - 6*t**2. Let h be p(2). Suppose 11*n + h = 17*n. What are the prime factors of n?
2, 5, 23
Suppose -11 = -j - 0*a - 4*a, 5*j + a = 17. Suppose -4*y + j = -1. Let z(x) = 56*x - 3. List the prime factors of z(y).
53
Let i(d) = 1025*d + 884. What are the prime factors of i(68)?
2, 3, 17, 173
Suppose -b - 13*x + 16*x + 2268 = 0, 5*b - 5*x = 11360. What are the prime factors of b?
2, 3, 379
Let r be (-4 + 3 + 0)*-4. Suppose 0*p + r*p = 134080. What are the prime factors of (-4)/(-26) - p/(-130)?
2, 3, 43
Let p(u) = 4*u**2 - 88*u + 76. List the prime factors of p(50).
2, 3, 11, 43
Let j be (-54)/(-9) - (0 - 3). Suppose 2*z - 68 - 83 = 3*v, -j = -3*v. List the prime factors of z.
2, 5
List the prime factors of (-2)/(19/38*(-12)/49083).
16361
Let q(s) be the second derivative of -s**5/10 + s**4/4 - 11*s**3/6 - 51*s**2/2 - 32*s. List the prime factors of q(-7).
859
Suppose 12*o - 11*o = 3. Let p be 2/(-6)*((-39)/o - -4). Suppose -4*u = 5*v - 388, -p*u + 260 = -0*u - 4*v. List the prime factors of u.
2, 23
List the prime factors of (-248)/93 - (-196844)/12.
3, 7, 11, 71
Let s(u) = -77*u + 2015. List the prime factors of s(-118).
17, 653
Suppose 0*j - 3*j + 195 = -3*f, 5*j = 0. Let s be f/26*(-12)/10. Suppose s*l = -v + 48, -4*v + 3*l + 240 = -l. What are the prime factors of v?
3, 19
Let h be (-13)/(637/(-21)) - 180/(-21). Let o(n) = n**3 - 8*n**2 + 41*n + 5. List the prime factors of o(h).
5, 7, 13
Suppose -4*j = -161 + 569. Let d be 5/2*j/(-85). Suppose -4*c - 4*n = -3*n - 399, 0 = -2*c + d*n + 203. What are the prime factors of c?
2, 5
Suppose 6 = -s, 2*c + 5*s = 13962 + 16626. List the prime factors of c.
3, 7
Let s(v) be the second derivative of -16*v**3/3 + 11*v**2/2 + 5*v. Let t be s(-1). Let y = 226 + t. List the prime factors of y.
269
Let m(i) = i**2 - 2*i + 1. Let j be m(1). Suppose -326*a + 332*a - 6060 = j. List the prime factors of a.
2, 5, 101
Let l(m) = -m**3 + m**2 - 5*m - 5. Let r = -37 - -34. Let z be l(r). Let c = 79 - z. List the prime factors of c.
3, 11
Let w(b) = -3*b - 31. Let d be w(-11). Suppose -4*x = -4*k - 160 + 468, 0 = 3*x + d*k + 231. Let n = -57 - x. List the prime factors of n.
2, 5
Suppose 5*b - 51 = 3*j, 2*j + 10 = b - 3. List the prime factors of 0/2 + b/((-18)/(-1792)).
2, 7
Let s = -106 - -49. Let j = s - -53. Let a = j - -65. List the prime factors of a.
61
Let q(n) = -23*n**3 + 49*n**2 + 354*n - 12. List the prime factors of q(-8).
2, 7, 431
Let j = 465 - 1131. Let i = j + 911. What are the prime factors of i?
5, 7
Suppose 0 = 3*a + v - 79140, -a - 4*v + 17629 = -8740. List the prime factors of a.
23, 31, 37
Let w = -55 + 57. Let b be -564 - (1 - -1)*w/4. List the prime factors of 6 + b/(-30) + (-2)/(-12).
5
Let q(t) = -t**3 + 2*t + 1. Let l be q(-2). Suppose 0 = 4*a + 12, a + 6 = -3*j + 78. Suppose -j = -2*s - l. List the prime factors of s.
2, 5
Let c(l) = 3011*l - 546. List the prime factors of c(9).
3, 53, 167
Let d be 4/(-32) - (-1679)/(-8). Let r = d - -229. What are the prime factors of r?
19
Let v be ((-54)/(-117))/((-24)/(-208)). Suppose 9*c - v*c + 3*g = 2855, -2*g + 10 = 0. List the prime factors of c.
2, 71
What are the prime factors of (-1*(-4 - (-14648)/20))/(2/(-55))?
3, 11, 607
Let y(c) = 1914*c - 207. What are the prime factors of y(10)?
3, 6311
Let k(c) = 223*c**2 + 11*c + 22. Let s be k(-4). Suppose -13*d - s = -18457. List the prime factors of d.
31, 37
Suppose 0 = 5*k - c - 29035, k + 2*c - 1540 - 4267 = 0. What are the prime factors of k?
5807
Suppose 2*p = -75 - 225. Let f = p - 218. Let s = 539 + f. List the prime factors of s.
3, 19
Let o = -19488 + 30066. What are the prime factors of o?
2, 3, 41, 43
Let g = 256 - 250. List the prime factors of (-1 - (-26)/g)/(36/5940).
2, 5, 11
Suppose -m = 3*h + 2*m - 240, -3 = -m. Let p = 82 - h. Let z(c) = 2*c**2 - c - 3. List the prime factors of z(p).
2, 3, 7
Suppose 0*z + 4 = 2*z. What are the prime factors of 2*z - (-2605)/5?
3, 5, 7
Let n be (-115950)/45 - ((-2)/3 + 0). Let c = -1752 - n. Suppose 0 = -6*j + 130 + c. List the prime factors of j.
3, 53
Suppose -2*q = -6*q + i + 57, 3*q + 4*i = 57. Suppose 18*z - q*z = -4*j + 1269, 3*j = 2*z + 939. What are the prime factors of j?
3, 5, 7
Suppose 144900 = 6*k + 4*k. Suppose 55*j = 32*j + k. What are the prime factors of j?
2, 3, 5, 7
Let r be (28/(-8))/7 + (-5397)/(-14). Let i = -274 + r. List the prime factors of i.
3, 37
Suppose -3*x = -11*x + 1168. Let d = x - -323. What are the prime factors of d?
7, 67
Let w(k) = 6*k**2 + 7*k - 147. Suppose 2*b + 3*b + 4*v - 36 = 0, -2*b + 15 = v. What are the prime factors of w(b)?
293
Let z be (-1 - -6)*(-4 + 552/30). Suppose z*p + 20 = 73*p. List the prime factors of (10 + 2)*(0 + p/6).
2, 5
Let m(w) = -46*w + 19. Let f be m(-7). Suppose -a + 113 = 4*v, -3*v = 3*a - 16 - f. Let y = 26 + a. What are the prime factors of y?
3, 7
Let i = 6973 - -22167. List the prime factors of i.
2, 5, 31, 47
Suppose 2*m - 329 + 89 = 2*h, 15 = 3*m. List the prime factors of (572/52)/((-1)/h).
5, 11, 23
Let f(m) = 435*m**3 - 34*m**2 - 24*m + 118. List the prime factors of f(5).
3, 19, 313
Let r(l) = 2*l**3 - 6*l**2 + l + 11. Let x be 11/((-385)/(-84)) - (-6)/10. List the prime factors of r(x).
2, 7
Let g(h) = 3*h**2 + 9*h - 6. Let n be g(3). Suppose n = 56*d - 52*d. Suppose 0*j - d*j = -3276. List the prime factors of j.
3, 7, 13
Let o = 68778 - 18925. List the prime factors of o.
49853
Let m be (-6 - -4)/(2/(-1)) + 3. Suppose 2*j - 4*d - 816 = 0, 0 = -2*d + 3*d - m. What are the prime factors of j?
2, 13
Let w = -65 + 67. Suppose w*t = 7*t + 10. Let k = 9 + t. List the prime factors of k.
7
Let r = 316 - 313. Suppose -r*o + 511 = -53. What are the prime factors of o?
2, 47
Suppose 217*r + 3 = 214*r, -3*o + 44428 = -4*r. What are the prime factors of o?
2, 3, 617
List the prime factors of 12/(-198) + 925025/33.
28031
Let o(v) = v**3 + 17 - 13*v**2 + 7*v**2 + 2*v - 3*v. Let u be o(6). List the prime factors of 3/1 + u/(33/720).
3
Let d(j) = 3*j**2 - 3*j + 2. Let q be d(1). Suppose -3*w = -q*w - 5*z + 15, -w = -z - 1. Let a(h) = 9*h + 27. List the prime factors of a(w).
2, 3
Let h = -6244 - -13402. List the prime factors of h.
2, 3, 1193
Let h(p) be the second derivative of -p**5/12 + 5*p**4/24 - 4*p**3 + 35*p. Let t(c) be the second derivative of h(c). What are the prime factors of t(-1)?
3, 5
Suppose 5*i = 11431 - 796. Suppose 742 = 19*a - i. List the prime factors of a.
151
Let u(h) = -h**2 + 14. Let k be u(5). What are the prime factors of -7 + (3 + -52)*k?
2, 7, 19
Let l = 79741 - 52967. What are the prime factors of l?
2, 11, 1217
List the prime factors of (-12 + (-1824)/(-40))/((-2)/(-120)).
2, 3, 7
Let j(u) = -u**3 + 9*u**2 + 35*u + 17. Let l be j(12). Let w = 1171 - l. What are the prime factors of w?
2, 11, 53
Let s = -39599 - -57812. List the prime factors of s.
3, 13, 467
Let v(b) = b**3 - 9*b**2 + 31344. What are the prime factors of v(0)?
2, 3, 653
Suppose -2*t - 357 = 4*n - 11153, 0 = -5*t + 4*n + 26934. What are the prime factors of t?
2, 5, 7, 11
Let y be (2 - (-2)/(-2))*(-4234)/(-29). Suppose 2*w - 335 = 7*w. Let b = y + w. What are the prime factors of b?
79
Let y = 28924 + -20067. What are the prime facto